e second derivative of b(g). Suppose -1 = -0*s + s. Determine c(s).
2
Suppose 14*d + 12 = 10*d. Let x(o) = 2 + 4*o - 3*o + 0*o. What is x(d)?
-1
Let m(g) = -3*g - 3. Suppose 5*x - 5*q = -20, -x + 5*q = -0*q + 12. Give m(x).
3
Let r(f) = -4*f + 2*f**2 + f**3 - f**2 - f**2. Determine r(3).
15
Let b(a) = a - 1. Suppose -3 = -3*z - 2*l + 4, 4*l = 2*z - 10. Determine b(z).
2
Let o(r) = r**2 - 3 + 10 - 4 - 3*r. Calculate o(2).
1
Let f(m) = -2*m + 1. Let g = -3 - 0. Determine f(g).
7
Suppose 0 = -3*f + f + 6. Suppose -d - 10 = -3*d, f*d = 5*n + 35. Let q(w) = -w**2 - 4*w + 3. Calculate q(n).
3
Let b(o) = -3*o - 1. Suppose -9 = 3*c - w - 2*w, -1 = -c + 3*w. Let r = c + 9. Suppose 5 = -r*l - 3. Calculate b(l).
5
Suppose 5*z + 15 = -3*g + 4, 11 = 5*g + z. Let a(x) = -x**2 + 7*x - 4. Calculate a(g).
8
Let o(l) = -l - 4*l + 5 + 2*l**2 - l**2. What is o(4)?
1
Suppose -14 = -4*z + 2. Suppose -5*m - 40 = -o + 3*o, z*m = -4*o - 44. Let r be (-60)/(-14) - m/(-21). Let b(v) = v + 2. Give b(r).
6
Suppose -h + 3*h = s - 3, 5*h - 4*s + 6 = 0. Let y(f) be the third derivative of f**5/30 - 4*f**2. Give y(h).
8
Let n(w) = 6*w - 1. Let a be n(1). Let m(o) = -1 + 1 + 1. Let b(j) = j + 6. Let z(h) = -b(h) + 6*m(h). Calculate z(a).
-5
Let i(s) = 4*s**2 - s. Let p be (-1)/5 - 158/10. Let u be 20/p + 1/4. Give i(u).
5
Let z be (-7)/21 - (-4)/3. Let c be -2 - (-1 + z) - 1. Let g(l) = 5*l**2 + 3*l + 8. Let s(w) = -9*w**2 - 6*w - 15. Let a(u) = 7*g(u) + 4*s(u). Give a(c).
-4
Let w = -163 - -158. Let n(d) = 0*d**2 - d**3 + 0*d**3 - 4*d**2 + 6*d. Determine n(w).
-5
Let h(q) = -3*q**2 + 5*q + 6. Let v(t) = -2*t**2 + 3*t + 4. Let s(a) = -5*h(a) + 8*v(a). Calculate s(-4).
-10
Let h be 3 + 1*(4 + -2). Let j(p) be the third derivative of 0*p**3 + 0 + 1/24*p**4 + 0*p + p**2. Determine j(h).
5
Suppose 6*z + 5 = 5*z. Let k(j) = -1 - j - 4 - 2*j. Calculate k(z).
10
Let m be -12 - -5 - 2*(-1 - 1). Let o(y) = 2*y**2 + 3*y + 1. Give o(m).
10
Suppose 24*o - 22*o - 12 = 0. Let w(f) = f**3 - 6*f**2 + 2*f - 1. Give w(o).
11
Let k(j) be the first derivative of -j**2/2 + 4*j - 2. Let o be 3*(-7)/(84/16). Let z be 80/(-32)*o/5. Give k(z).
2
Let h be (-4)/14 + (-72)/(-56). Let y(v) = -2*v - v - 2 - 1 - h. Calculate y(-3).
5
Let g(c) = 5*c - 4. Let x(d) = -3*d + 2. Suppose -3*v = -4*v - 6. Let h(u) = v*g(u) - 11*x(u). Calculate h(-4).
-10
Let u(i) = 6 + 5*i - 4*i - 4 - 3. What is u(4)?
3
Let w(u) = u - 5. Let p be w(6). Suppose -1 = 2*r + v + p, -5*v = 2*r - 6. Let o(m) = 5*m - 4. Let s(x) = -5*x + 3. Let j(t) = 6*o(t) + 7*s(t). Give j(r).
7
Let s(j) be the third derivative of -1/3*j**3 + 2*j**2 - 1/24*j**4 + 0 + 0*j. Let b = -4 + 7. Calculate s(b).
-5
Let m(q) = 3*q + 8 + 4*q**2 - 5*q**2 + 4*q. What is m(6)?
14
Let r(w) = -4*w**2 + 11*w + 13. Let g = 10 - 4. Let x(s) = g*s - 2*s + 6 - 2*s**2 + s. Let c(m) = 6*r(m) - 13*x(m). Give c(-1).
1
Let c(f) = -3*f - 2 + f + 1. Let z = -40 + 35. Determine c(z).
9
Let o(p) = 4*p**3 + 2*p**2 + 2*p + 3. Let h(q) = 4*q**3 + 3*q**2 + 3*q + 4. Let i(f) = 4*h(f) - 5*o(f). Give i(-1).
5
Suppose -3*r + 5*w = -19, 5*w + 26 - 10 = 2*r. Let z = 3 - -2. Suppose -r*o - 2*o = 4*c + 45, z*c - 2*o = -15. Let p(s) = s**2 + 5*s - 2. Give p(c).
-2
Let q(v) be the first derivative of -v**4/4 + 5*v**3/3 - 3*v**2/2 + v + 7. What is q(4)?
5
Suppose 4*l - 5*l = 6. Let h(k) = k + 8. Give h(l).
2
Let u(m) = -m + 2. Let h be (-2)/(-4)*3*4. Let g(p) be the first derivative of p**2/2 - 2*p + 2. Let k(a) = h*g(a) + 7*u(a). Determine k(0).
2
Let a be 0 + (0 - -4) + -2. Let m(r) = 3*r**3 + r - 3*r**3 + 0*r - a*r**2 + 5*r**3. What is m(1)?
4
Let j(u) = u**3 - u**2 + u - 9. Let h be 8*((-1)/(-4) - 0). Suppose 0 = -4*m - 20, h*i + 0*m - 5*m - 25 = 0. Calculate j(i).
-9
Let j(b) = -32 - b**2 - 3*b - b + 31. What is j(-3)?
2
Let a(f) = -f + 3. Suppose 3*q + 4 - 16 = 0. Let p(n) = -n + n**2 - 3*n**3 + 4*n**3 - 5 + q. Let y be p(-1). What is a(y)?
3
Let t(u) = -u + 3. Let z(c) be the third derivative of c**6/120 - c**5/15 - c**4/8 - c**3 + 4*c**2. Let j be z(5). Give t(j).
-1
Let a(r) = -r + 15. Let t be a(9). Let b(z) = z**2 - 4*z - 6. Determine b(t).
6
Let j(w) be the first derivative of -3*w**2 - 4*w + 16. What is j(-4)?
20
Let w(k) = k - 5. Let v be (15 - 1)*2/(-4). Let f(o) = -o**3 - 6*o**2 + 8*o + 3. Let d be f(v). Calculate w(d).
-9
Let m(i) = 2*i**3 + 2*i**2 - 1. Let d(s) = -s**2 + 8*s - 6. Let p be d(7). Suppose -2*t + 3*c = 6 + p, 5*t - 2*c = -1. Give m(t).
3
Let i(x) be the second derivative of x**3/2 + 2*x**2 - 19*x. Give i(-4).
-8
Let h = 2 - -7. Suppose -2*l = -2*a - 8, 5*a + h = 3*l - 15. Let i(z) be the third derivative of -z**4/24 - z**3 - z**2. Give i(a).
0
Let b(p) = -p**2 + 6*p + 10. Let l be 4 + 11 + 16/(-4) + -4. Calculate b(l).
3
Suppose 5 = -q + 1. Let h(n) = -n**2 - 4*n. What is h(q)?
0
Suppose -2*a + 7*a + 2*t = 15, a - t - 3 = 0. Let s(u) = -8*u - 9*u**2 - a - 22*u**3 - 1 + 21*u**3. Give s(-8).
-4
Suppose -4*z - 38 - 10 = 0. Let d be ((-1)/3)/((-2)/z). Let c(i) = i**2 + 3*i - 1. Give c(d).
-3
Let c(v) = 6*v**2 - 12*v + 9. Let j(s) = s**2 - s + 1. Let u(h) = -c(h) + 5*j(h). Give u(7).
-4
Suppose -m + 4 + 1 = 0. Let r = m + -1. Suppose r*b - 2*q - 24 = 2*q, 4*b - 19 = -q. Let c(a) = -a**2 + 3*a + 4. What is c(b)?
-6
Suppose 3*b - h = -4*h - 9, -b + 3*h = 15. Let z(j) = -j**3 - 5*j**2 + 5*j + 2. What is z(b)?
8
Suppose 2*c + 0*z + 2*z = 8, -2 = 4*c - 2*z. Let q(r) = 14*r + 21. Let v(b) = b + 1. Let y(f) = -q(f) + 21*v(f). Determine y(c).
7
Let d be 0 + ((-20)/(-1))/4. Let j(f) = -f**2 + 4*f - 5 - 2 + 3. Give j(d).
-9
Let d(c) = 10*c**3 + 6*c**2 + 3*c - 9. Let r(t) = 3*t**3 + 2*t**2 + t - 3. Let u(h) = 2*d(h) - 7*r(h). Calculate u(-3).
15
Let x = -34 - -33. Let d(a) = 1 - 1 - a**2 - a**3. Let n(q) = -q**3 + 4*q**2 + 2*q + 8. Let i(m) = x*n(m) + 2*d(m). Determine i(-6).
4
Let n(x) be the second derivative of x**5/20 - 7*x**4/12 + x**3 - 5*x**2/2 - 43*x. Determine n(6).
-5
Let q(s) be the first derivative of s**2/2 - 4*s - 41. Suppose 10 = 4*j - 2*o, 5*o = 3*j - 6*j + 14. Suppose -h - j*h + 24 = 0. What is q(h)?
2
Let x(d) be the first derivative of -1/2*d**2 - 2*d - 1. Suppose 5*f = -0*f + 25. Calculate x(f).
-7
Let k(w) = -w + 4. Let f(j) = -j**2 - 5*j + 5. Let t be f(-5). Give k(t).
-1
Let z(r) = -10*r + 3 + 2 - 4. Let b(n) = -n**3 + 6*n - 8*n**2 - 3 + 2*n + 2*n**3 - 3. Let w be b(7). Calculate z(w).
-9
Let n(m) = m - 6. Let h(p) be the first derivative of p**3/3 - p + 1. Let b be h(1). Suppose 2*i - 5 - 7 = b. Determine n(i).
0
Let p(y) be the first derivative of 4 + 1/40*y**5 - 1/4*y**4 + 0*y - 4/3*y**3 + 0*y**2. Let a(d) be the third derivative of p(d). Calculate a(5).
9
Let x(q) = -q + 1. Let p be x(-1). Let a(k) = -5 + p*k - 1 + 0. Determine a(6).
6
Let k be (3 + (-3)/3)/1. Suppose 23 = -5*q - 2, -2*s - q = 3. Let c(n) = -s - 3 + 1 - k*n. What is c(-3)?
3
Let i(l) be the third derivative of -3*l**2 + 0*l - 1/6*l**3 - 1/4*l**4 + 0. Suppose b + 0 = 2*x + 7, -x - 3 = 0. Give i(b).
-7
Let q(a) = -7*a**3 + 11*a**2 - 2*a - 19. Let m(b) = -3*b**3 + 5*b**2 - b - 9. Let d(c) = -9*m(c) + 4*q(c). Calculate d(0).
5
Let v = 143/3 - 47. Let h(a) be the third derivative of -a**2 - 1/60*a**5 + 1/24*a**4 + 0*a + 0 + v*a**3. What is h(3)?
-2
Let p(r) = -2*r**3 + 11*r**2 + r + 5. Let a(o) = 6*o**2 + 76*o**3 + 3 - 2*o + 3*o - 77*o**3. Let j(z) = -5*a(z) + 3*p(z). Calculate j(2).
0
Let g be (-13)/(-3) + 15/(-45). Let j(p) = -3*p + 6. Give j(g).
-6
Let m(o) = o - 1. Let p be ((-4)/(-2))/(-1 + -1). Let a(b) = 2*b - 5. Let s(d) = p*a(d) + 5*m(d). Give s(-1).
-3
Let r(o) = -5*o**3 - 2*o + 2. Let i(j) = -9*j**3 + j**2 - 4*j + 4. Let x(y) = -4*i(y) + 7*r(y). Give x(4).
6
Suppose 5*p = -0*p - 30. Let r(f) = f**2 + 6*f - 5. Let s be 1/(-2) + (-30)/(-4). Let g(a) = -2*a**2 - 12*a + 10. Let u(v) = s*r(v) + 3*g(v). Calculate u(p).
-5
Let t(p) = -2*p - 7. Let b = 2 + -2. Suppose -2 = g, -4*u + u - g - 35 = b. Let h = 6 + u. What is t(h)?
3
Let b(l) = 4*l - 4*l**2 - 2 + 11*l**3 + 0 - 12*l**3 + l. Suppose 5*n - 5 + 30 = 0. Calculate b(n).
-2
Let v(h) be the second derivative of h**4/12 - h**3 + 3*h**2/2 + 16*h. Calculate v(2).
-5
Let z(u) be the first derivative of u**4/4 + 2*u**3 - 7*u**2/2 + 67. What is z(-7)?
0
Let s(d) = -7*d**2 + 2*d - 1. Let a(y) = 14*y**2 + 5*y - 12. Let o(c) = 5*c**2 + 2*c 